der when s(-9) is divided by 58?
55
Let t(q) = 9*q**2 - q + 1. Calculate the remainder when 60 is divided by t(1).
6
What is the remainder when 83 is divided by 1 + (-18)/14 - 7104/(-168)?
41
What is the remainder when (-2)/6 - (-4380)/18 is divided by 49?
47
Let d = -5 + 5. Suppose n - 60 = 2*j, d = -5*n + 4*j - 0*j + 282. Let g = -22 + n. What is the remainder when g is divided by 11?
10
Let b = 6 - 3. Suppose -b*i - 20 = -5. Let t = -3 - i. Calculate the remainder when t is divided by 2.
0
Let l(x) = -2*x - 15. What is the remainder when 19 is divided by l(-13)?
8
Let x = 11 - 9. Let n(j) = -2*j**2 + 4*j + j + 3 + 4*j**x - j. Calculate the remainder when 6 is divided by n(-2).
0
Suppose 3*f - l - 47 - 2 = 0, f + 3*l - 13 = 0. What is the remainder when 44 is divided by f?
12
Let k(j) = -j**2 - j + 21. Let q be k(0). Let d = 39 - q. What is the remainder when d is divided by 7?
4
Let x be (-23)/2*1*2. Let s = 16 + 26. Let m = x + s. What is the remainder when 36 is divided by m?
17
Suppose -h = m + 4*h - 30, -10 = 3*m - 5*h. Let q = 26 - 11. What is the remainder when 49 is divided by q - m/((-5)/2)?
15
Let a = -9 - -30. Suppose 4*j - a - 55 = 0. Calculate the remainder when 55 is divided by j.
17
Suppose -3*h = -h + 202. Let p(t) = -13*t**2 + 3*t - 10. Let s be p(2). Let c = s - h. Calculate the remainder when c is divided by 12.
9
Let h(s) = s - 6. Let q be h(7). Let a(f) = -f + 7. Calculate the remainder when (-21)/12*(-5 + q) is divided by a(5).
1
Suppose 2*f + 3*f - 15 = 0. Suppose 0 = -f*p + p + 138. Suppose -4*k - r + p = 0, r = -k - 2*r + 31. Calculate the remainder when k is divided by 9.
7
Suppose -n - x + 3*x = 1, -x + 23 = 2*n. Let q(l) = -l**3 - l**2 - l + 11. What is the remainder when q(0) is divided by -1 + 0 + -2 + n?
5
Let y be 2/(-3) - 230/6. Let b be (5 + -2)*y/(-9). Suppose f + 1 - b = 0. Calculate the remainder when f is divided by 7.
5
Suppose 10 = 7*q - 4. What is the remainder when 15/6 - (-2)/(-4) is divided by q?
0
Suppose -3*b + 27 = 12. Calculate the remainder when 14 is divided by b.
4
Let z = 38 - 25. Suppose -z = -2*n - 3. What is the remainder when 8 is divided by n?
3
Let z be (-34)/(-6) + 4/(-6). Let v = z - 3. Suppose 0 = 2*r + 3*r - 10. Calculate the remainder when r is divided by v.
0
Suppose 395 = 9*p - 4*p. Calculate the remainder when p is divided by 20.
19
Calculate the remainder when 7 is divided by 4 - (3 + (0 - 1)).
1
Suppose -3*x - 8 = 5*i - 5*x, -x = -i - 4. Suppose i = -4*h + 2*h + 30. What is the remainder when h is divided by 9?
6
What is the remainder when (-3 + 5/2)*-296 is divided by 25?
23
Let q(v) = -v**3 + 5*v**2 + 4*v - 5. Let x = 217 + -213. What is the remainder when q(5) is divided by x?
3
Calculate the remainder when (122/4)/((-1)/(-2)) is divided by 16.
13
Suppose -4*c + 162 = -2*z, 136 = 2*c + 2*z + 40. Calculate the remainder when c is divided by 11.
10
Let q = 6 - 3. Suppose 0*s = -t - q*s + 3, -3*t + 2*s = -9. Suppose -2*x + 4*r = -34, t*x - 28 = -2*r - 1. Calculate the remainder when x is divided by 4.
3
Let s = 41 - -76. Calculate the remainder when s is divided by (-6)/12*6 + 32 + 1.
27
Let m = 0 - -3. Let r be m + 0 + -3 + 43. Let k = 8 + r. Calculate the remainder when k is divided by 13.
12
Let a = -29 + 52. Calculate the remainder when a is divided by 8.
7
Suppose -j + 5 = 1. Suppose -2*m + 4 = j*y, 5*y + 20 = -0*y. Let b = -7 + m. Calculate the remainder when b is divided by 1.
0
Let i(n) = n**2 + 1. Suppose 5*h - 31 = -11. Calculate the remainder when i(-3) is divided by h.
2
Let u(p) = -p**2 - p. Let b(d) = 2*d**2 + 8*d + 7. Let n(s) = -b(s) - u(s). Let c = 2 - 0. What is the remainder when n(-5) is divided by c?
1
Let l = 14 + -7. Calculate the remainder when 26 is divided by l.
5
Let l(f) = f + 18. Calculate the remainder when 18 is divided by l(-8).
8
Let o(i) = 7*i + 2. Let y be o(2). Let h be (0 + -2)*6/(-4). Suppose l - h*l = -y. What is the remainder when 30 is divided by l?
6
Let v(h) = -2*h - 3. Let a be v(-11). Let c = -7 + a. What is the remainder when 34 is divided by c?
10
Calculate the remainder when ((-420)/18)/(2/(-3)) is divided by 18.
17
Let t = -3 - -6. What is the remainder when 36 is divided by t?
0
Let i(v) = 17*v - 11. Let p(f) = -8*f + 5. Let a(l) = 6*i(l) + 13*p(l). Calculate the remainder when a(-7) is divided by 7.
6
Suppose 4*v - 400 = -3*l - 147, 4*l = -v + 346. What is the remainder when l is divided by 11?
10
Let z = -59 - -110. Suppose 0 = 2*k + 2*n - 24, 34 = 3*k + 6*n - n. What is the remainder when z is divided by k?
12
Let i(a) = a**2 - 11*a + 3. Calculate the remainder when i(0) is divided by (-2)/3 - (-5)/3.
0
Let t = 5 - -1. Let m(r) = 3*r**3 - 3*r**2 + 3*r - 1. What is the remainder when m(2) is divided by t?
5
Suppose -5*a + 10 = x + 4*x, -5*x + 22 = 2*a. Calculate the remainder when 46 is divided by x.
4
Let w(u) = -u**3 - 4*u**2 + 5*u + 4. Suppose -3*v - 4*g = -57, 5*v - 28 = 4*g + 35. Suppose -2*t - t = v. Calculate the remainder when 11 is divided by w(t).
3
Suppose 0 = 3*s + s + 4*o, 0 = s - 2*o - 12. Suppose -4*a = 20, 3*a = -m + s*a + 13. Suppose d - 60 = -3*d. Calculate the remainder when d is divided by m.
7
Let x = -150 - -166. Calculate the remainder when 29 is divided by x.
13
Let f(a) be the second derivative of 0*a**2 - 1/2*a**3 - 1/20*a**5 - 1/12*a**4 - 2*a + 0. What is the remainder when f(-3) is divided by 14?
13
Suppose 3*r - 31 - 20 = 0. Calculate the remainder when r is divided by 10.
7
Let n(a) = -a - 8. Let j be n(-10). Suppose g - j*g = -21. What is the remainder when g is divided by 8?
5
Suppose -6*g + 468 = -2*g. Let d = g - 69. Calculate the remainder when d is divided by 10.
8
Let s = 61 + -44. What is the remainder when 62 is divided by s?
11
Let u(y) = y - 1. Suppose -t - 6 = -3*t. Suppose 0 = 2*i - t*i + 4. What is the remainder when i is divided by u(4)?
1
Let n(k) = k**3 - k**2 + 3*k - 6. Let c(z) = 2*z - 2 + 6 - 4. Calculate the remainder when n(4) is divided by c(7).
12
Let p = 1 + 19. Suppose -4*l = 4*k - 82 + 18, -4*k = -p. What is the remainder when 31 is divided by l?
9
Let f(n) = -3*n - 7. Let r = -4 - 6. What is the remainder when f(r) is divided by 6?
5
Let n(d) = d**3 - 2*d**2 + 4*d - 3. Let c = -1 - -4. What is the remainder when n(c) is divided by 3*9/189*35?
3
Let k = 105 - 40. Suppose o = -2*w + 8, 3*w = -4*o + 8*o - k. Calculate the remainder when 27 is divided by o.
13
Let d = 33 - 13. Calculate the remainder when d is divided by 8.
4
Calculate the remainder when -6*(-8)/36*6 is divided by 3.
2
Suppose 23*g + 28 = 24*g. Calculate the remainder when 109 is divided by g.
25
Suppose -2*p = -4*p + 6. Suppose 8*v - p*v + 16 = 2*c, -8 = -2*c + v. Calculate the remainder when c is divided by 2.
1
Let j(n) = 8*n. Let f(s) = -s**3 + s**2 + s. Let p be f(1). Suppose b - 4*t = -17, 3*b + 3*t = -3 + 27. What is the remainder when j(p) is divided by b?
2
Let l(i) = -6 + 2*i + 1 - 3. Let r be l(-8). Calculate the remainder when 22 is divided by (1/2)/((-1)/r).
10
What is the remainder when 80/3 - 4/6 is divided by 9?
8
What is the remainder when 13 is divided by ((-10)/(-20))/((-1)/(-6))?
1
Let y = 36 - 15. What is the remainder when 41 is divided by y?
20
Suppose a = -2*a + 27. Let w(h) = -h**3 + 2*h**2 + 3*h - 1. Let o be w(3). What is the remainder when 6/(o - (-22)/16) is divided by a?
7
Let d = -52 + 104. Suppose -d = s - 3*s. Calculate the remainder when s is divided by 9.
8
Let z = 8 - -1. Let q = -8 - -13. Suppose -q*i + 42 - 17 = 0. Calculate the remainder when z is divided by i.
4
Let j(q) = -q**2 + 6*q - 3. Let o be j(5). Suppose -x = -o - 0. Suppose 2*y - x*f - 18 = -y, 4*y + 5*f - 47 = 0. What is the remainder when y is divided by 5?
3
Suppose -25 + 5 = -2*p. What is the remainder when 36 is divided by p?
6
Suppose 7*y - 180 = 2*y. Suppose -4*w - 4*p = -188, 0 = -2*w - 0*w + 2*p + 114. Let b = w - y. What is the remainder when 46 is divided by b?
14
What is the remainder when 4 - (24/(-3))/2 is divided by 4?
0
Suppose -256 = 6*u - 2*u. Let d = -41 - u. What is the remainder when d is divided by 12?
11
Suppose -21 = -q + 7. Suppose 2*h - p = q, -h = 4*h + p - 84. Calculate the remainder when h is divided by 6.
4
Let b = -43 + 54. What is the remainder when 107 is divided by b?